e 14 - r = 2*y. Suppose -2*k - 6 = -4*g, -5*k + 3*g + 4 + y = 0. List the prime factors of k.
3
Suppose 11 - 31 = -4*l. Suppose -4*y = -l*o - 10, 2 = 2*y - o - 6. What are the prime factors of y?
5
Suppose 2*f + 4*d + 5 = 5*d, -d = -5. Suppose 4*u - 8*u + 876 = f. List the prime factors of u.
3, 73
Suppose 27*o = 21*o - 24. Let z(q) = 6*q**2 + 4*q + 18. What are the prime factors of z(o)?
2, 7
Suppose 142 = 2*c + 5*i, -2*c + 108 + 30 = 3*i. Suppose -q = y - 39, 2*y - 4*y = -2*q + c. Let d = q + -22. What are the prime factors of d?
2, 7
Suppose 5*f - 20 = 0, -26*f + 27*f + 230 = 3*u. What are the prime factors of u?
2, 3, 13
Let m = -25 - -35. Suppose -m*b + 9*b = -2. Suppose -2*k + 92 = b*k. What are the prime factors of k?
23
Suppose -6*q - 17 = 1. Let h(m) = -3*m**3 - 3*m**2 - 3*m + 4. What are the prime factors of h(q)?
67
Let r(m) be the second derivative of m**3 + 4*m. Let z be r(3). Let w = z + -7. What are the prime factors of w?
11
Let r(j) = j**3 + j**2 - 4*j + 184. Suppose -2*m = -5*m. What are the prime factors of r(m)?
2, 23
Let t(l) be the first derivative of l**5/12 + l**4/8 - l**3/2 + l**2/2 - 4. Let b(d) be the second derivative of t(d). List the prime factors of b(-3).
3, 11
Suppose w + 2*t + 14 = -78, -5*w - 516 = -4*t. Let j = w - -206. What are the prime factors of j?
2, 53
Let t = -115 + 1514. List the prime factors of t.
1399
Let a = -2442 + 5721. List the prime factors of a.
3, 1093
What are the prime factors of -3*((-1054)/6 - (-1 + -2))?
2, 7, 37
Let j be (-224)/(-70) - 2/10. Suppose 11*d = j*d + 1264. What are the prime factors of d?
2, 79
Suppose -3*g + 5*p = 3, -5*p + 0 = -4*g + 1. Suppose -6 - 2 = -g*l. Suppose -3*a = 5 + 7, 24 = l*j - 2*a. List the prime factors of j.
2
Let v = -2 - -6. Suppose r + 0*s + v*s = -2, -2*r - 4*s = 20. List the prime factors of 17 + -1 - r/9.
2, 3
Let t(w) = w**3 - 22*w**2 - 24*w + 28. Let b be t(23). Suppose -5*s - 6 = -1, 0 = k - b*s - 121. List the prime factors of k.
2, 29
Let v be 0/(-4 + 7) - 2. Let h be (-69)/(v/2 - 0). Suppose -3*d = -2*k + 56 - 3, -3*k + h = -d. List the prime factors of k.
2, 11
Let q = -18 + 3. Let t be (-20)/2*q/2. Suppose t = -l + 4*l. List the prime factors of l.
5
Suppose 16*v - 59*v + 69359 = 0. List the prime factors of v.
1613
Suppose 2*f = 7*f + 4*t + 11, -f + t = -5. Let b(w) = 79*w**2 + 2*w - 1. List the prime factors of b(f).
2, 5
List the prime factors of (94/(-4))/((-11)/(-3234)*-7).
3, 7, 47
Let v = 1389 - 752. List the prime factors of v.
7, 13
Suppose -5*a - 9 - 1 = 0. Let g be ((-69)/12 - a)*-12. Suppose 0 = -0*q - 5*q + 5*f + g, 5*f = 0. List the prime factors of q.
3
Let s(p) = -p**3 + 5*p**2 - 3*p - 16. Let a be s(-4). List the prime factors of -1 + 4 + 1 + a.
2, 3
Let m = -10 + 18. Let p(n) = m + 3*n - 2*n + 2*n. List the prime factors of p(4).
2, 5
Let q be ((-15)/(-10))/((-9)/(-12)). Let l be 6/(((-3)/q)/1). List the prime factors of 19 + -6 - (-1 - l).
2, 5
Let b(z) = z**2 - z - 3. Let m be b(3). Suppose m*s + 7 = -2, -4*o + 516 = -4*s. What are the prime factors of o?
2, 3, 7
Suppose -9*y + y - 664 = 0. Let g = y + 118. What are the prime factors of g?
5, 7
Suppose w + 16*y - 244 = 13*y, 5*y + 532 = 2*w. List the prime factors of w.
2
Let m(n) be the second derivative of -n**4/6 + 5*n**3/6 + 11*n**2/2 + 10*n. Let t be m(5). Let b = t + 32. List the prime factors of b.
2, 3
What are the prime factors of (-229)/2*-7 + (-214)/428?
3, 89
Let o(f) = 149*f**3 - 2*f**2 + 23*f - 53. List the prime factors of o(3).
4021
Let i(u) = -u**2 - u + 10. Let j = 12 - 12. What are the prime factors of i(j)?
2, 5
List the prime factors of ((5/2)/(-5))/(9/(-7344)).
2, 3, 17
Suppose -3*x + 2 = -4. Suppose y = -4*h + 263, -x*h - 5*y = -2*y - 129. List the prime factors of h.
2, 3, 11
Let r(m) = -5*m**2 - 6*m - 1. Let c(y) be the third derivative of -y**5/15 - y**4/4 + 3*y**2. Let q(w) = -4*c(w) + 3*r(w). List the prime factors of q(4).
37
List the prime factors of -38*(36/(-32))/(-1)*-8.
2, 3, 19
Suppose 7*u = 5*u + 22. What are the prime factors of 2365/u + (-4)/1?
211
Let l(m) = m - 22. Let k(c) = -3*c - 8. Let i be k(-7). Let v be l(i). What are the prime factors of (-6)/27 + (-110)/v?
2, 3
Suppose 0 = -w + 4*w + 2*j - 8, 0 = 2*w - 4*j - 16. Let n(i) = -i**3 + 7*i**2 + 4*i + 7. What are the prime factors of n(w)?
71
Let x(o) = -194*o**3 + 1. Suppose 0 = 12*u - 1 + 13. What are the prime factors of x(u)?
3, 5, 13
Let a = 11 + 13. Suppose 4*k = a*k - 1380. What are the prime factors of k?
3, 23
Let o(m) = 25*m**2 + 7*m + 6. Let c be o(-4). Suppose -x - c = -4*x + 3*w, 5*w + 138 = x. Let q = -78 + x. What are the prime factors of q?
3, 5
Suppose -8*n + 2455 = 335. List the prime factors of n.
5, 53
Suppose -41*r + 42*r = 200. List the prime factors of r.
2, 5
Let v = -68 - -1227. What are the prime factors of v?
19, 61
Let s be (5 - 2)/((-9)/6). Let a be 5 - 5 - 4/s. Let n = 24 - a. List the prime factors of n.
2, 11
Let m = -1409 + 1521. List the prime factors of m.
2, 7
List the prime factors of ((-24)/16)/((-12)/40).
5
List the prime factors of ((-1)/((-7)/(-2)))/(19/(-5453)).
2, 41
Let l be (2 + (-24)/9)*-6. Suppose -139 - 45 = -l*t. Suppose 4*o + 2*g + t = 8*o, 2 = 2*g. List the prime factors of o.
2, 3
Suppose -2*u + 2*j + 3*j + 729 = 0, -2*j + 1518 = 4*u. What are the prime factors of u?
13, 29
Let b = 30 - 24. Suppose -230 - 136 = -b*h. List the prime factors of h.
61
Let a(z) = -2*z**3 - 6*z**2 + 5*z + 2. Let d(u) = -u**3 - 6*u**2 + 6*u + 3. Let p(o) = -2*a(o) + 3*d(o). List the prime factors of p(7).
2, 5, 11
What are the prime factors of (13/(-2))/(31/(-4774))?
7, 11, 13
Let r(v) be the first derivative of -v**4/4 + 3*v**3 + 3*v**2 + 2*v - 31. What are the prime factors of r(9)?
2, 7
Let h = -17 - -30. Let a = -9 + h. Suppose -21 = a*r - 97. List the prime factors of r.
19
Suppose -403 = 3*n + 101. Let l = 253 + n. What are the prime factors of l?
5, 17
List the prime factors of (((-58293)/18)/(-17))/(6/44).
11, 127
Suppose 0 = -3*g + 10 + 2, 2*g = k + 3. Let z = k + -2. What are the prime factors of z?
3
Let k = 2001 + -1291. What are the prime factors of k?
2, 5, 71
Let w(n) = 16*n**2 + 2493. List the prime factors of w(0).
3, 277
Suppose 3*o - 10*i + 11*i - 6952 = 0, -2308 = -o - 5*i. List the prime factors of o/(-76)*(-2 + 0)*1.
61
Suppose 4*t + 371 = 4135. What are the prime factors of t?
941
Let m(k) = k**3 - 21*k**2 + 43*k - 60. What are the prime factors of m(20)?
2, 5
Suppose 3*v - 4028 = -4*a + 6*v, 0 = a + v - 1007. List the prime factors of a.
19, 53
Let d be 4418/517 - 6/11. Let c(l) = -4 - 2 - 6*l - l**2 + 15*l. What are the prime factors of c(d)?
2
Let l(z) = 2*z**2 - z - 3. Let v(i) = -8*i + 1. Let b be v(-1). Suppose -2*d + b + 4 = 3*a, 2*d = a + 1. What are the prime factors of l(a)?
2, 3
Suppose 2*v - 6*v = 4*s - 1728, 3*s + 1308 = 3*v. What are the prime factors of v?
2, 7, 31
Suppose -3*b + 4*s = -626 - 1162, -b + 601 = -3*s. List the prime factors of b.
2, 37
Suppose 2*w + 3 = -4*c + 23, -5*w - 4*c + 32 = 0. Suppose w*r = 5*x + 161, 4*r = r - 5*x + 77. What are the prime factors of r?
2, 17
Let c(y) = -3*y**2 + 106*y + 56. List the prime factors of c(35).
7, 13
Let t(w) = -100*w - 11. List the prime factors of t(-14).
3, 463
What are the prime factors of (4752/5)/(75/250)?
2, 3, 11
Let r(a) = 33*a**3 - 7*a**2 + 23*a. What are the prime factors of r(4)?
2, 523
Suppose 2*n - 5*j = n - 111, 2*n + 231 = j. Let s = 221 + n. List the prime factors of s.
3, 5, 7
Let v = 204 + 2886. List the prime factors of v.
2, 3, 5, 103
Let h(w) = -80*w**3 + 8*w**2 - 9*w + 9. Let v be h(5). List the prime factors of (2/(-5))/(v/(-2460) + -4).
2, 3, 41
Let n = 17 - 40. Let q(l) = -3*l - 20. What are the prime factors of q(n)?
7
Suppose 3*z = -5*h - 3 + 13, 0 = 4*z + 20. Suppose h*f - 197 - 303 = 0. What are the prime factors of f?
2, 5
Let v(u) = u - 15. Let c be v(10). List the prime factors of ((0 - c) + 78)*(0 - -1).
83
Let h(k) = 5*k + 13. Let l be (14*(-3)/(-6))/(0 - -1). List the prime factors of h(l).
2, 3
Let p be (-2 - 21*2)*2. List the prime factors of p*(2 - (-10)/(-4)).
2, 11
Let o(x) = 5*x**2 - 35*x + 39. Let s(l) = 2*l**2 - 12*l + 13. Let r(m) = -3*o(m) + 8*s(m). List the prime factors of r(-11).
3
Let m(a) be the second der